{"id":6,"date":"2026-09-04T18:27:37","date_gmt":"2026-09-04T18:27:37","guid":{"rendered":"https:\/\/kleinefarm.it-baumbach.de\/?page_id=6"},"modified":"2026-09-04T18:56:14","modified_gmt":"2026-09-04T18:56:14","slug":"startseite-entwurf","status":"publish","type":"page","link":"https:\/\/kleinefarm.it-baumbach.de\/","title":{"rendered":"Startseite"},"content":{"rendered":"<div class=\"wp-block-cover\" style=\"border-radius:0 0 56px 56px;min-height:650px;aspect-ratio:unset;\"><span aria-hidden=\"true\" class=\"wp-block-cover__background has-contrast-background-color has-background-dim-60 has-background-dim\"><\/span><img decoding=\"async\" class=\"wp-block-cover__image-background\" alt=\"Blick \u00fcber Allys kleine Farm\" src=\"https:\/\/www.allys-kleine-farm.de\/inhalte\/media\/images\/uebersicht4-large.jpg\" data-object-fit=\"cover\"\/><div class=\"wp-block-cover__inner-container is-layout-flow wp-block-cover-is-layout-flow\"><div class=\"wp-block-group has-global-padding is-layout-constrained wp-container-core-group-is-layout-0e938e30 wp-block-group-is-layout-constrained\"><p class=\"has-text-align-center wp-block-paragraph\" style=\"font-size:clamp(14px, 0.875rem + ((1vw - 3.2px) * 0.49), 19px);letter-spacing:1px\">\u2665 EIN ORT F\u00dcR TIERE, DIE BLEIBEN D\u00dcRFEN<\/p><h1 class=\"wp-block-heading has-text-align-center\" style=\"font-size:clamp(3.5rem, 9vw, 7rem);line-height:.98\">Hier darf das Tier noch Tier sein<\/h1><p class=\"has-text-align-center wp-block-paragraph\" style=\"font-size:clamp(14.642px, 0.915rem + ((1vw - 3.2px) * 0.721), 22px);line-height:1.5\">Allys kleine Farm schenkt alten, kranken und besonderen Tieren ein liebevolles Zuhause \u2013 bis zum letzten Tag.<\/p><div class=\"wp-block-buttons is-content-justification-center is-layout-flex wp-container-core-buttons-is-layout-0ac37353 wp-block-buttons-is-layout-flex\" style=\"margin-top:30px\"><div class=\"wp-block-button\"><a class=\"wp-block-button__link has-text-color has-background wp-element-button\" href=\"\/?page_id=11\" style=\"border-radius:999px;color:#641428;background-color:#fffaf4;padding:15px 28px\">Unsere Tiere kennenlernen<\/a><\/div><div class=\"wp-block-button\"><a class=\"wp-block-button__link has-background wp-element-button\" href=\"\/?page_id=13\" style=\"border-radius:999px;background-color:#8e1d39;padding:15px 28px\">Eine Patenschaft \u00fcbernehmen<\/a><\/div><\/div><\/div><\/div><\/div>\n<div class=\"wp-block-group alignfull has-background has-global-padding is-layout-constrained wp-container-core-group-is-layout-0be8eff9 wp-block-group-is-layout-constrained\" style=\"background-color:#f7efe6;padding:82px 24px\"><div class=\"wp-block-columns are-vertically-aligned-center is-layout-flex wp-container-core-columns-is-layout-7fdf67f5 wp-block-columns-is-layout-flex\"><div class=\"wp-block-column is-vertically-aligned-center is-layout-flow wp-block-column-is-layout-flow\" style=\"flex-basis:44%\"><figure class=\"wp-block-image size-large has-custom-border\"><img decoding=\"async\" src=\"https:\/\/www.allys-kleine-farm.de\/inhalte\/media\/images\/walter-large.jpg\" alt=\"Schaf Walter auf Allys kleiner Farm\" style=\"border-radius:42px\"\/><\/figure><\/div><div class=\"wp-block-column is-vertically-aligned-center is-layout-flow wp-block-column-is-layout-flow\" style=\"flex-basis:56%\"><p class=\"has-text-color wp-block-paragraph\" style=\"color:#8e1d39;font-size:clamp(14px, 0.875rem + ((1vw - 3.2px) * 0.098), 15px);font-weight:700;letter-spacing:1.2px\">WILLKOMMEN AUF DER KLEINEN FARM<\/p><h2 class=\"wp-block-heading has-text-color\" style=\"color:#641428;font-size:clamp(2.4rem,5vw,4.4rem);line-height:1.08\">Etwa 400 Tiere nennen diesen Ort ihr Zuhause.<\/h2><p class=\"wp-block-paragraph\" style=\"font-size:clamp(14px, 0.875rem + ((1vw - 3.2px) * 0.49), 19px);line-height:1.75\">Ponys, Schafe, Hunde, Katzen, Tauben und Gefl\u00fcgel leben hier sicher und umsorgt. Viele von ihnen haben eine lange Geschichte hinter sich. Bei uns m\u00fcssen sie nichts mehr leisten. Sie d\u00fcrfen einfach sein.<\/p><p class=\"wp-block-paragraph\"><a href=\"\/?page_id=9\"><strong>Mehr \u00fcber den Gnadenhof erfahren \u2192<\/strong><\/a><\/p><\/div><\/div>\n<div class=\"wp-block-group has-base-color has-text-color has-background is-content-justification-space-between is-layout-flex wp-container-core-group-is-layout-345a6fd6 wp-block-group-is-layout-flex\" style=\"border-radius:28px;background-color:#641428;margin-top:64px;margin-bottom:72px;padding:26px 32px\"><p class=\"wp-block-paragraph\" style=\"font-size:clamp(14px, 0.875rem + ((1vw - 3.2px) * 0.294), 17px);\"><strong>Ein ehrlicher Hinweis:<\/strong> Unsere Aufnahmekapazit\u00e4ten sind derzeit begrenzt. Bitte sehen Sie momentan von weiteren Aufnahmeanfragen ab.<\/p><\/div>\n<h2 class=\"wp-block-heading has-text-align-center has-text-color\" style=\"color:#641428;font-size:clamp(2.5rem,5vw,4.5rem);margin-bottom:42px\">So k\u00f6nnen Sie helfen<\/h2><div class=\"wp-block-columns is-layout-flex wp-container-core-columns-is-layout-723264b2 wp-block-columns-is-layout-flex\"><div class=\"wp-block-column is-layout-flow wp-block-column-is-layout-flow\"><div class=\"wp-block-group has-background has-global-padding is-layout-constrained wp-container-core-group-is-layout-f377a465 wp-block-group-is-layout-constrained\" style=\"border-radius:30px;background-color:#fffaf4;padding:18px 18px 36px\"><figure class=\"wp-block-image size-large has-custom-border\"><img decoding=\"async\" src=\"https:\/\/www.allys-kleine-farm.de\/inhalte\/media\/images\/img_4393-large.jpg\" alt=\"Ponys auf Allys kleiner Farm\" style=\"border-radius:22px\"\/><\/figure><h3 class=\"wp-block-heading has-text-color\" style=\"color:#641428\">Patin oder Pate werden<\/h3><p class=\"wp-block-paragraph\">Mit einer Patenschaft helfen Sie bei Futter, Pflege und tier\u00e4rztlicher Versorgung.<\/p><p class=\"wp-block-paragraph\"><a href=\"\/?page_id=13\"><strong>Patenschaft ausw\u00e4hlen \u2192<\/strong><\/a><\/p><\/div><\/div><div class=\"wp-block-column is-layout-flow wp-block-column-is-layout-flow\"><div class=\"wp-block-group has-background has-global-padding is-layout-constrained wp-container-core-group-is-layout-df38564e wp-block-group-is-layout-constrained\" style=\"border-radius:30px;background-color:#f0d9d4;padding:36px 30px\"><p class=\"has-text-color wp-block-paragraph\" style=\"color:#8e1d39;font-size:clamp(21.027px, 1.314rem + ((1vw - 3.2px) * 1.272), 34px);\">\u2665<\/p><h3 class=\"wp-block-heading has-text-color\" style=\"color:#641428\">Mitglied werden<\/h3><p class=\"wp-block-paragraph\">Als Vereinsmitglied geben Sie den Tieren dauerhaft Sicherheit und tragen die Farm mit.<\/p><p class=\"wp-block-paragraph\"><a href=\"\/?page_id=15\"><strong>Mitgliedsantrag ausf\u00fcllen \u2192<\/strong><\/a><\/p><\/div><\/div><div class=\"wp-block-column is-layout-flow wp-block-column-is-layout-flow\"><div class=\"wp-block-group has-background has-global-padding is-layout-constrained wp-container-core-group-is-layout-df38564e wp-block-group-is-layout-constrained\" style=\"border-radius:30px;background-color:#edd1dc;padding:36px 30px\"><p class=\"has-text-color wp-block-paragraph\" style=\"color:#8e1d39;font-size:clamp(21.027px, 1.314rem + ((1vw - 3.2px) * 1.272), 34px);\">\u2726<\/p><h3 class=\"wp-block-heading has-text-color\" style=\"color:#641428\">Spenden &#038; anpacken<\/h3><p class=\"wp-block-paragraph\">Ob Futterkosten, Tierarztbesuch oder helfende H\u00e4nde: Jede Unterst\u00fctzung kommt an.<\/p><p class=\"wp-block-paragraph\"><a href=\"\/?page_id=17\"><strong>Alle M\u00f6glichkeiten ansehen \u2192<\/strong><\/a><\/p><\/div><\/div><\/div><\/div>\n<div class=\"wp-block-group alignfull has-background has-global-padding is-layout-constrained wp-container-core-group-is-layout-2acd4299 wp-block-group-is-layout-constrained\" style=\"background-color:#fffaf4;padding:76px 24px\"><div class=\"wp-block-columns are-vertically-aligned-center is-layout-flex wp-container-core-columns-is-layout-8201a199 wp-block-columns-is-layout-flex\"><div class=\"wp-block-column is-vertically-aligned-center is-layout-flow wp-block-column-is-layout-flow\"><p class=\"has-text-color wp-block-paragraph\" style=\"color:#8e1d39;font-size:clamp(14px, 0.875rem + ((1vw - 3.2px) * 0.098), 15px);font-weight:700;letter-spacing:1.2px\">DIE FARM KENNENLERNEN<\/p><h2 class=\"wp-block-heading has-text-color\" style=\"color:#641428\">Tag der offenen T\u00fcr 2026<\/h2><p class=\"wp-block-paragraph\" style=\"font-size:clamp(14px, 0.875rem + ((1vw - 3.2px) * 0.588), 20px);\"><strong>Sonntag, 26. April \u00b7 14\u201317 Uhr<\/strong><br><strong>Sonntag, 30. August \u00b7 14\u201317 Uhr<\/strong><\/p><p class=\"wp-block-paragraph\">Bei Kuchen, Kaffee und Kaltgetr\u00e4nken k\u00f6nnen Sie den Hof in Ruhe kennenlernen und mit uns ins Gespr\u00e4ch kommen.<\/p><p class=\"wp-block-paragraph\"><a href=\"\/?page_id=23\"><strong>Besuch planen &#038; Kontakt aufnehmen \u2192<\/strong><\/a><\/p><\/div><div class=\"wp-block-column is-vertically-aligned-center is-layout-flow wp-block-column-is-layout-flow\"><figure class=\"wp-block-image size-large has-custom-border\"><img decoding=\"async\" src=\"https:\/\/www.allys-kleine-farm.de\/inhalte\/media\/images\/dsc04041-large.jpg\" alt=\"Gefl\u00fcgel auf Allys kleiner Farm\" style=\"border-radius:42px\"\/><\/figure><\/div><\/div><\/div>\n<div class=\"wp-block-group alignfull has-base-color has-text-color has-background has-global-padding is-layout-constrained wp-container-core-group-is-layout-b5f8a270 wp-block-group-is-layout-constrained\" style=\"background-color:#8e1d39;padding:70px 24px\"><h2 class=\"wp-block-heading has-text-align-center\" style=\"font-size:clamp(2.3rem,5vw,4rem)\">Neuigkeiten aus dem Farmtagebuch<\/h2><p class=\"has-text-align-center wp-block-paragraph\" style=\"font-size:clamp(14px, 0.875rem + ((1vw - 3.2px) * 0.392), 18px);\">Bewegende Geschichten, Presseberichte und Herzensprojekte rund um die kleine Farm.<\/p><div class=\"wp-block-buttons is-content-justification-center is-layout-flex wp-container-core-buttons-is-layout-35f06ea7 wp-block-buttons-is-layout-flex\"><div class=\"wp-block-button\"><a class=\"wp-block-button__link has-text-color has-background wp-element-button\" href=\"\/?page_id=52\" style=\"border-radius:999px;color:#641428;background-color:#fffaf4\">Zum Farmtagebuch<\/a><\/div><\/div><\/div>","protected":false},"excerpt":{"rendered":"<p>WILLKOMMEN AUF DER KLEINEN FARM Etwa 400 Tiere nennen diesen Ort ihr Zuhause. Ponys, Schafe, Hunde, Katzen, Tauben und Gefl\u00fcgel leben hier sicher und umsorgt. Viele von ihnen haben eine lange Geschichte hinter sich. Bei uns m\u00fcssen sie nichts mehr leisten. Sie d\u00fcrfen einfach sein. Mehr \u00fcber den Gnadenhof erfahren \u2192 Ein ehrlicher Hinweis: Unsere [&hellip;]<\/p>\n","protected":false},"author":1,"featured_media":0,"parent":0,"menu_order":0,"comment_status":"closed","ping_status":"closed","template":"page-no-title","meta":{"footnotes":""},"class_list":["post-6","page","type-page","status-publish","hentry"],"_links":{"self":[{"href":"https:\/\/kleinefarm.it-baumbach.de\/index.php?rest_route=\/wp\/v2\/pages\/6","targetHints":{"allow":["GET"]}}],"collection":[{"href":"https:\/\/kleinefarm.it-baumbach.de\/index.php?rest_route=\/wp\/v2\/pages"}],"about":[{"href":"https:\/\/kleinefarm.it-baumbach.de\/index.php?rest_route=\/wp\/v2\/types\/page"}],"author":[{"embeddable":true,"href":"https:\/\/kleinefarm.it-baumbach.de\/index.php?rest_route=\/wp\/v2\/users\/1"}],"replies":[{"embeddable":true,"href":"https:\/\/kleinefarm.it-baumbach.de\/index.php?rest_route=%2Fwp%2Fv2%2Fcomments&post=6"}],"version-history":[{"count":4,"href":"https:\/\/kleinefarm.it-baumbach.de\/index.php?rest_route=\/wp\/v2\/pages\/6\/revisions"}],"predecessor-version":[{"id":58,"href":"https:\/\/kleinefarm.it-baumbach.de\/index.php?rest_route=\/wp\/v2\/pages\/6\/revisions\/58"}],"wp:attachment":[{"href":"https:\/\/kleinefarm.it-baumbach.de\/index.php?rest_route=%2Fwp%2Fv2%2Fmedia&parent=6"}],"curies":[{"name":"wp","href":"https:\/\/api.w.org\/{rel}","templated":true}]}}

<div class="wp-block-cover" style="border-radius:0 0 56px 56px;min-height:650px;aspect-ratio:unset;"><span aria-hidden="true" class="wp-block-cover__background has-contrast-background-color has-background-dim-60 has-background-dim"></span><img decoding="async" class="wp-block-cover__image-background" alt="Blick über Allys kleine Farm" src="https://www.allys-kleine-farm.de/inhalte/media/images/uebersicht4-large.jpg" data-object-fit="cover"/><div class="wp-block-cover__inner-container is-layout-flow wp-block-cover-is-layout-flow"><div class="wp-block-group has-global-padding is-layout-constrained wp-container-core-group-is-layout-0e938e30 wp-block-group-is-layout-constrained"><p class="has-text-align-center wp-block-paragraph" style="font-size:clamp(14px, 0.875rem + ((1vw - 3.2px) * 0.49), 19px);letter-spacing:1px">♥ EIN ORT FÜR TIERE, DIE BLEIBEN DÜRFEN</p><h1 class="wp-block-heading has-text-align-center" style="font-size:clamp(3.5rem, 9vw, 7rem);line-height:.98">Hier darf das Tier noch Tier sein</h1><p class="has-text-align-center wp-block-paragraph" style="font-size:clamp(14.642px, 0.915rem + ((1vw - 3.2px) * 0.721), 22px);line-height:1.5">Allys kleine Farm schenkt alten, kranken und besonderen Tieren ein liebevolles Zuhause – bis zum letzten Tag.</p><div class="wp-block-buttons is-content-justification-center is-layout-flex wp-container-core-buttons-is-layout-0ac37353 wp-block-buttons-is-layout-flex" style="margin-top:30px"><div class="wp-block-button"><a class="wp-block-button__link has-text-color has-background wp-element-button" href="/?page_id=11" style="border-radius:999px;color:#641428;background-color:#fffaf4;padding:15px 28px">Unsere Tiere kennenlernen</a></div><div class="wp-block-button"><a class="wp-block-button__link has-background wp-element-button" href="/?page_id=13" style="border-radius:999px;background-color:#8e1d39;padding:15px 28px">Eine Patenschaft übernehmen</a></div></div></div></div></div>
<div class="wp-block-group alignfull has-background has-global-padding is-layout-constrained wp-container-core-group-is-layout-0be8eff9 wp-block-group-is-layout-constrained" style="background-color:#f7efe6;padding:82px 24px"><div class="wp-block-columns are-vertically-aligned-center is-layout-flex wp-container-core-columns-is-layout-7fdf67f5 wp-block-columns-is-layout-flex"><div class="wp-block-column is-vertically-aligned-center is-layout-flow wp-block-column-is-layout-flow" style="flex-basis:44%"><figure class="wp-block-image size-large has-custom-border"><img decoding="async" src="https://www.allys-kleine-farm.de/inhalte/media/images/walter-large.jpg" alt="Schaf Walter auf Allys kleiner Farm" style="border-radius:42px"/></figure></div><div class="wp-block-column is-vertically-aligned-center is-layout-flow wp-block-column-is-layout-flow" style="flex-basis:56%"><p class="has-text-color wp-block-paragraph" style="color:#8e1d39;font-size:clamp(14px, 0.875rem + ((1vw - 3.2px) * 0.098), 15px);font-weight:700;letter-spacing:1.2px">WILLKOMMEN AUF DER KLEINEN FARM</p><h2 class="wp-block-heading has-text-color" style="color:#641428;font-size:clamp(2.4rem,5vw,4.4rem);line-height:1.08">Etwa 400 Tiere nennen diesen Ort ihr Zuhause.</h2><p class="wp-block-paragraph" style="font-size:clamp(14px, 0.875rem + ((1vw - 3.2px) * 0.49), 19px);line-height:1.75">Ponys, Schafe, Hunde, Katzen, Tauben und Geflügel leben hier sicher und umsorgt. Viele von ihnen haben eine lange Geschichte hinter sich. Bei uns müssen sie nichts mehr leisten. Sie dürfen einfach sein.</p><p class="wp-block-paragraph"><a href="/?page_id=9"><strong>Mehr über den Gnadenhof erfahren →</strong></a></p></div></div>
<div class="wp-block-group has-base-color has-text-color has-background is-content-justification-space-between is-layout-flex wp-container-core-group-is-layout-345a6fd6 wp-block-group-is-layout-flex" style="border-radius:28px;background-color:#641428;margin-top:64px;margin-bottom:72px;padding:26px 32px"><p class="wp-block-paragraph" style="font-size:clamp(14px, 0.875rem + ((1vw - 3.2px) * 0.294), 17px);"><strong>Ein ehrlicher Hinweis:</strong> Unsere Aufnahmekapazitäten sind derzeit begrenzt. Bitte sehen Sie momentan von weiteren Aufnahmeanfragen ab.</p></div>
<h2 class="wp-block-heading has-text-align-center has-text-color" style="color:#641428;font-size:clamp(2.5rem,5vw,4.5rem);margin-bottom:42px">So können Sie helfen</h2><div class="wp-block-columns is-layout-flex wp-container-core-columns-is-layout-723264b2 wp-block-columns-is-layout-flex"><div class="wp-block-column is-layout-flow wp-block-column-is-layout-flow"><div class="wp-block-group has-background has-global-padding is-layout-constrained wp-container-core-group-is-layout-f377a465 wp-block-group-is-layout-constrained" style="border-radius:30px;background-color:#fffaf4;padding:18px 18px 36px"><figure class="wp-block-image size-large has-custom-border"><img decoding="async" src="https://www.allys-kleine-farm.de/inhalte/media/images/img_4393-large.jpg" alt="Ponys auf Allys kleiner Farm" style="border-radius:22px"/></figure><h3 class="wp-block-heading has-text-color" style="color:#641428">Patin oder Pate werden</h3><p class="wp-block-paragraph">Mit einer Patenschaft helfen Sie bei Futter, Pflege und tierärztlicher Versorgung.</p><p class="wp-block-paragraph"><a href="/?page_id=13"><strong>Patenschaft auswählen →</strong></a></p></div></div><div class="wp-block-column is-layout-flow wp-block-column-is-layout-flow"><div class="wp-block-group has-background has-global-padding is-layout-constrained wp-container-core-group-is-layout-df38564e wp-block-group-is-layout-constrained" style="border-radius:30px;background-color:#f0d9d4;padding:36px 30px"><p class="has-text-color wp-block-paragraph" style="color:#8e1d39;font-size:clamp(21.027px, 1.314rem + ((1vw - 3.2px) * 1.272), 34px);">♥</p><h3 class="wp-block-heading has-text-color" style="color:#641428">Mitglied werden</h3><p class="wp-block-paragraph">Als Vereinsmitglied geben Sie den Tieren dauerhaft Sicherheit und tragen die Farm mit.</p><p class="wp-block-paragraph"><a href="/?page_id=15"><strong>Mitgliedsantrag ausfüllen →</strong></a></p></div></div><div class="wp-block-column is-layout-flow wp-block-column-is-layout-flow"><div class="wp-block-group has-background has-global-padding is-layout-constrained wp-container-core-group-is-layout-df38564e wp-block-group-is-layout-constrained" style="border-radius:30px;background-color:#edd1dc;padding:36px 30px"><p class="has-text-color wp-block-paragraph" style="color:#8e1d39;font-size:clamp(21.027px, 1.314rem + ((1vw - 3.2px) * 1.272), 34px);">✦</p><h3 class="wp-block-heading has-text-color" style="color:#641428">Spenden &#038; anpacken</h3><p class="wp-block-paragraph">Ob Futterkosten, Tierarztbesuch oder helfende Hände: Jede Unterstützung kommt an.</p><p class="wp-block-paragraph"><a href="/?page_id=17"><strong>Alle Möglichkeiten ansehen →</strong></a></p></div></div></div></div>
<div class="wp-block-group alignfull has-background has-global-padding is-layout-constrained wp-container-core-group-is-layout-2acd4299 wp-block-group-is-layout-constrained" style="background-color:#fffaf4;padding:76px 24px"><div class="wp-block-columns are-vertically-aligned-center is-layout-flex wp-container-core-columns-is-layout-8201a199 wp-block-columns-is-layout-flex"><div class="wp-block-column is-vertically-aligned-center is-layout-flow wp-block-column-is-layout-flow"><p class="has-text-color wp-block-paragraph" style="color:#8e1d39;font-size:clamp(14px, 0.875rem + ((1vw - 3.2px) * 0.098), 15px);font-weight:700;letter-spacing:1.2px">DIE FARM KENNENLERNEN</p><h2 class="wp-block-heading has-text-color" style="color:#641428">Tag der offenen Tür 2026</h2><p class="wp-block-paragraph" style="font-size:clamp(14px, 0.875rem + ((1vw - 3.2px) * 0.588), 20px);"><strong>Sonntag, 26. April · 14–17 Uhr</strong><br><strong>Sonntag, 30. August · 14–17 Uhr</strong></p><p class="wp-block-paragraph">Bei Kuchen, Kaffee und Kaltgetränken können Sie den Hof in Ruhe kennenlernen und mit uns ins Gespräch kommen.</p><p class="wp-block-paragraph"><a href="/?page_id=23"><strong>Besuch planen &#038; Kontakt aufnehmen →</strong></a></p></div><div class="wp-block-column is-vertically-aligned-center is-layout-flow wp-block-column-is-layout-flow"><figure class="wp-block-image size-large has-custom-border"><img decoding="async" src="https://www.allys-kleine-farm.de/inhalte/media/images/dsc04041-large.jpg" alt="Geflügel auf Allys kleiner Farm" style="border-radius:42px"/></figure></div></div></div>
<div class="wp-block-group alignfull has-base-color has-text-color has-background has-global-padding is-layout-constrained wp-container-core-group-is-layout-b5f8a270 wp-block-group-is-layout-constrained" style="background-color:#8e1d39;padding:70px 24px"><h2 class="wp-block-heading has-text-align-center" style="font-size:clamp(2.3rem,5vw,4rem)">Neuigkeiten aus dem Farmtagebuch</h2><p class="has-text-align-center wp-block-paragraph" style="font-size:clamp(14px, 0.875rem + ((1vw - 3.2px) * 0.392), 18px);">Bewegende Geschichten, Presseberichte und Herzensprojekte rund um die kleine Farm.</p><div class="wp-block-buttons is-content-justification-center is-layout-flex wp-container-core-buttons-is-layout-35f06ea7 wp-block-buttons-is-layout-flex"><div class="wp-block-button"><a class="wp-block-button__link has-text-color has-background wp-element-button" href="/?page_id=52" style="border-radius:999px;color:#641428;background-color:#fffaf4">Zum Farmtagebuch</a></div></div></div>

<p>WILLKOMMEN AUF DER KLEINEN FARM Etwa 400 Tiere nennen diesen Ort ihr Zuhause. Ponys, Schafe, Hunde, Katzen, Tauben und Geflügel leben hier sicher und umsorgt. Viele von ihnen haben eine lange Geschichte hinter sich. Bei uns müssen sie nichts mehr leisten. Sie dürfen einfach sein. Mehr über den Gnadenhof erfahren → Ein ehrlicher Hinweis: Unsere [&hellip;]</p>
