{"id":52,"date":"2026-09-04T18:47:44","date_gmt":"2026-09-04T18:47:44","guid":{"rendered":"https:\/\/kleinefarm.it-baumbach.de\/?page_id=52"},"modified":"2026-09-04T18:52:57","modified_gmt":"2026-09-04T18:52:57","slug":"aktuelles","status":"publish","type":"page","link":"https:\/\/kleinefarm.it-baumbach.de\/?page_id=52","title":{"rendered":"Aktuelles"},"content":{"rendered":"<div class=\"wp-block-cover\" style=\"border-radius:0 0 48px 48px;min-height:520px;aspect-ratio:unset;\"><span aria-hidden=\"true\" class=\"wp-block-cover__background has-contrast-background-color has-background-dim-50 has-background-dim\"><\/span><img decoding=\"async\" class=\"wp-block-cover__image-background\" alt=\"Der Gnadenhof von Allys kleiner Farm\" src=\"https:\/\/www.allys-kleine-farm.de\/inhalte\/media\/images\/uebersicht4-large.jpg\" data-object-fit=\"cover\"\/><div class=\"wp-block-cover__inner-container is-layout-flow wp-block-cover-is-layout-flow\"><p class=\"has-text-align-center wp-block-paragraph\" style=\"font-size:clamp(14px, 0.875rem + ((1vw - 3.2px) * 0.588), 20px);\">\u2665 Neues aus unserem Zuhause f\u00fcr Tiere<\/p><h1 class=\"wp-block-heading has-text-align-center\" style=\"font-size:clamp(3rem, 8vw, 6rem);line-height:1\">Unser Farmtagebuch<\/h1><p class=\"has-text-align-center wp-block-paragraph\" style=\"font-size:clamp(14.082px, 0.88rem + ((1vw - 3.2px) * 0.678), 21px);\">Kleine und gro\u00dfe Geschichten von Tieren, Menschen und Herzensprojekten.<\/p><\/div><\/div>\n<div class=\"wp-block-group alignfull has-background has-global-padding is-layout-constrained wp-container-core-group-is-layout-83000a7b wp-block-group-is-layout-constrained\" style=\"background-color:#f7efe6;padding:72px 24px 88px\"><div class=\"wp-block-columns is-layout-flex wp-container-core-columns-is-layout-75692be7 wp-block-columns-is-layout-flex\"><div class=\"wp-block-column is-layout-flow wp-block-column-is-layout-flow\"><div class=\"wp-block-group has-background has-global-padding is-layout-constrained wp-container-core-group-is-layout-48e338ea wp-block-group-is-layout-constrained\" style=\"border-radius:30px;background-color:#fffaf4;margin-bottom:32px;padding:20px 20px 34px\"><figure class=\"wp-block-image size-large has-custom-border\"><img decoding=\"async\" src=\"https:\/\/www.allys-kleine-farm.de\/inhalte\/media\/images\/uebersicht4-large.jpg\" alt=\"Allys kleine Farm\" style=\"border-radius:22px\"\/><\/figure><p class=\"has-text-color wp-block-paragraph\" style=\"color:#8e1d39;font-size:14px;font-weight:700;letter-spacing:1px\">29. AUGUST 2025 \u00b7 FERNSEHBESUCH<\/p><h2 class=\"wp-block-heading has-text-color\" style=\"color:#641428\"><a href=\"\/?p=49\">Ally und Alexander zu Gast bei Trude Kuh<\/a><\/h2><p class=\"wp-block-paragraph\">Ein pers\u00f6nlicher Studiobesuch und viele Geschichten \u00fcber das Leben auf dem Gnadenhof.<\/p><p class=\"wp-block-paragraph\"><a href=\"\/?p=49\"><strong>Die ganze Geschichte lesen \u2192<\/strong><\/a><\/p><\/div>\n<div class=\"wp-block-group has-background has-global-padding is-layout-constrained wp-container-core-group-is-layout-7c9e2db7 wp-block-group-is-layout-constrained\" style=\"border-radius:30px;background-color:#f0d9d4;margin-bottom:32px;padding:34px\"><p class=\"has-text-color wp-block-paragraph\" style=\"color:#8e1d39;font-size:14px;font-weight:700;letter-spacing:1px\">2021 \u00b7 GEMEINSAM F\u00dcR TIERE<\/p><h2 class=\"wp-block-heading has-text-color\" style=\"color:#641428\"><a href=\"\/?p=43\">Starke Partnerschaft f\u00fcr Tiere in Not<\/a><\/h2><p class=\"wp-block-paragraph\">Wie aus Zusammenarbeit sichere Lebenspl\u00e4tze f\u00fcr Pferde, Ponys und andere Sch\u00fctzlinge entstehen.<\/p><p class=\"wp-block-paragraph\"><a href=\"\/?p=43\"><strong>Die ganze Geschichte lesen \u2192<\/strong><\/a><\/p><\/div>\n<div class=\"wp-block-group has-background has-global-padding is-layout-constrained wp-container-core-group-is-layout-dc9fe783 wp-block-group-is-layout-constrained\" style=\"border-radius:30px;background-color:#fffaf4;padding:20px 20px 34px\"><figure class=\"wp-block-image size-large has-custom-border\"><img decoding=\"async\" src=\"https:\/\/www.allys-kleine-farm.de\/inhalte\/media\/images\/20190720_101546-1-large.jpg\" alt=\"Hunde auf Allys kleiner Farm\" style=\"border-radius:22px\"\/><\/figure><p class=\"has-text-color wp-block-paragraph\" style=\"color:#8e1d39;font-size:14px;font-weight:700;letter-spacing:1px\">2020 \u00b7 FERNSEHEN<\/p><h2 class=\"wp-block-heading has-text-color\" style=\"color:#641428\"><a href=\"\/?p=39\">Ponsel findet ein Zuhause<\/a><\/h2><p class=\"wp-block-paragraph\">VOX begleitet Ponsels Weg \u2013 bis er auf Allys kleiner Farm seinen Platz f\u00fcrs Leben findet.<\/p><p class=\"wp-block-paragraph\"><a href=\"\/?p=39\"><strong>Die ganze Geschichte lesen \u2192<\/strong><\/a><\/p><\/div><\/div>\n<div class=\"wp-block-column is-layout-flow wp-block-column-is-layout-flow\"><div class=\"wp-block-group has-base-color has-text-color has-background has-global-padding is-layout-constrained wp-container-core-group-is-layout-06089669 wp-block-group-is-layout-constrained\" style=\"border-radius:30px;background-color:#641428;margin-top:54px;margin-bottom:32px;padding:38px\"><p class=\"wp-block-paragraph\" style=\"font-size:14px;font-weight:700;letter-spacing:1px\">28. M\u00c4RZ BIS 26. JUNI 2025<\/p><h2 class=\"wp-block-heading\"><a href=\"\/?p=47\">Eine Pferdewaage wird Wirklichkeit<\/a><\/h2><p class=\"wp-block-paragraph\">76 Menschen legten zusammen und machten aus einem Wunsch ein echtes Herzensprojekt.<\/p><p class=\"wp-block-paragraph\"><a href=\"\/?p=47\"><strong>2.104 Euro Hoffnung \u2013 weiterlesen \u2192<\/strong><\/a><\/p><\/div>\n<div class=\"wp-block-group has-background has-global-padding is-layout-constrained wp-container-core-group-is-layout-48e338ea wp-block-group-is-layout-constrained\" style=\"border-radius:30px;background-color:#fffaf4;margin-bottom:32px;padding:20px 20px 34px\"><figure class=\"wp-block-image size-large has-custom-border\"><img decoding=\"async\" src=\"https:\/\/www.allys-kleine-farm.de\/inhalte\/media\/images\/walter-large.jpg\" alt=\"Schaf Walter\" style=\"border-radius:22px\"\/><\/figure><p class=\"has-text-color wp-block-paragraph\" style=\"color:#8e1d39;font-size:14px;font-weight:700;letter-spacing:1px\">11. DEZEMBER 2020 \u00b7 PRESSE<\/p><h2 class=\"wp-block-heading has-text-color\" style=\"color:#641428\"><a href=\"\/?p=41\">Ein turbulentes Jahr \u2013 und ein Wunschbaum<\/a><\/h2><p class=\"wp-block-paragraph\">Der Petersh\u00e4ger Anzeiger erz\u00e4hlt von einem bewegten Jahr und Hilfe f\u00fcr die Tiere.<\/p><p class=\"wp-block-paragraph\"><a href=\"\/?p=41\"><strong>Die ganze Geschichte lesen \u2192<\/strong><\/a><\/p><\/div>\n<div class=\"wp-block-group has-background has-global-padding is-layout-constrained wp-container-core-group-is-layout-fd52bed2 wp-block-group-is-layout-constrained\" style=\"border-radius:30px;background-color:#edd1dc;padding:34px\"><p class=\"has-text-color wp-block-paragraph\" style=\"color:#8e1d39;font-size:14px;font-weight:700;letter-spacing:1px\">AUS DEM RADIO \u00b7 DATUM NICHT GENANNT<\/p><h2 class=\"wp-block-heading has-text-color\" style=\"color:#641428\"><a href=\"\/?p=45\">Meer Radio besucht die kleine Farm<\/a><\/h2><p class=\"wp-block-paragraph\">Ein Audiobeitrag \u00fcber den Hof, seine Tiere und die Menschen, die jeden Tag f\u00fcr sie da sind.<\/p><p class=\"wp-block-paragraph\"><a href=\"\/?p=45\"><strong>Zum Radiobeitrag \u2192<\/strong><\/a><\/p><\/div><\/div><\/div><div class=\"wp-block-group has-background is-content-justification-center is-layout-flex wp-container-core-group-is-layout-13172646 wp-block-group-is-layout-flex\" style=\"border-radius:999px;background-color:#fffaf4;margin-top:58px;padding:22px 34px\"><p class=\"has-text-align-center has-text-color wp-block-paragraph\" style=\"color:#641428;font-size:clamp(14px, 0.875rem + ((1vw - 3.2px) * 0.392), 18px);\">\u2665 Jede Geschichte beginnt mit einem Tier, das bleiben darf.<\/p><\/div><\/div>","protected":false},"excerpt":{"rendered":"<p>29. AUGUST 2025 \u00b7 FERNSEHBESUCH Ally und Alexander zu Gast bei Trude Kuh Ein pers\u00f6nlicher Studiobesuch und viele Geschichten \u00fcber das Leben auf dem Gnadenhof. Die ganze Geschichte lesen \u2192 2021 \u00b7 GEMEINSAM F\u00dcR TIERE Starke Partnerschaft f\u00fcr Tiere in Not Wie aus Zusammenarbeit sichere Lebenspl\u00e4tze f\u00fcr Pferde, Ponys und andere Sch\u00fctzlinge entstehen. Die ganze [&hellip;]<\/p>\n","protected":false},"author":1,"featured_media":0,"parent":0,"menu_order":0,"comment_status":"closed","ping_status":"closed","template":"page-no-title","meta":{"footnotes":""},"class_list":["post-52","page","type-page","status-publish","hentry"],"_links":{"self":[{"href":"https:\/\/kleinefarm.it-baumbach.de\/index.php?rest_route=\/wp\/v2\/pages\/52","targetHints":{"allow":["GET"]}}],"collection":[{"href":"https:\/\/kleinefarm.it-baumbach.de\/index.php?rest_route=\/wp\/v2\/pages"}],"about":[{"href":"https:\/\/kleinefarm.it-baumbach.de\/index.php?rest_route=\/wp\/v2\/types\/page"}],"author":[{"embeddable":true,"href":"https:\/\/kleinefarm.it-baumbach.de\/index.php?rest_route=\/wp\/v2\/users\/1"}],"replies":[{"embeddable":true,"href":"https:\/\/kleinefarm.it-baumbach.de\/index.php?rest_route=%2Fwp%2Fv2%2Fcomments&post=52"}],"version-history":[{"count":2,"href":"https:\/\/kleinefarm.it-baumbach.de\/index.php?rest_route=\/wp\/v2\/pages\/52\/revisions"}],"predecessor-version":[{"id":57,"href":"https:\/\/kleinefarm.it-baumbach.de\/index.php?rest_route=\/wp\/v2\/pages\/52\/revisions\/57"}],"wp:attachment":[{"href":"https:\/\/kleinefarm.it-baumbach.de\/index.php?rest_route=%2Fwp%2Fv2%2Fmedia&parent=52"}],"curies":[{"name":"wp","href":"https:\/\/api.w.org\/{rel}","templated":true}]}}

<div class="wp-block-cover" style="border-radius:0 0 48px 48px;min-height:520px;aspect-ratio:unset;"><span aria-hidden="true" class="wp-block-cover__background has-contrast-background-color has-background-dim-50 has-background-dim"></span><img decoding="async" class="wp-block-cover__image-background" alt="Der Gnadenhof von Allys kleiner Farm" src="https://www.allys-kleine-farm.de/inhalte/media/images/uebersicht4-large.jpg" data-object-fit="cover"/><div class="wp-block-cover__inner-container is-layout-flow wp-block-cover-is-layout-flow"><p class="has-text-align-center wp-block-paragraph" style="font-size:clamp(14px, 0.875rem + ((1vw - 3.2px) * 0.588), 20px);">♥ Neues aus unserem Zuhause für Tiere</p><h1 class="wp-block-heading has-text-align-center" style="font-size:clamp(3rem, 8vw, 6rem);line-height:1">Unser Farmtagebuch</h1><p class="has-text-align-center wp-block-paragraph" style="font-size:clamp(14.082px, 0.88rem + ((1vw - 3.2px) * 0.678), 21px);">Kleine und große Geschichten von Tieren, Menschen und Herzensprojekten.</p></div></div>
<div class="wp-block-group alignfull has-background has-global-padding is-layout-constrained wp-container-core-group-is-layout-83000a7b wp-block-group-is-layout-constrained" style="background-color:#f7efe6;padding:72px 24px 88px"><div class="wp-block-columns is-layout-flex wp-container-core-columns-is-layout-75692be7 wp-block-columns-is-layout-flex"><div class="wp-block-column is-layout-flow wp-block-column-is-layout-flow"><div class="wp-block-group has-background has-global-padding is-layout-constrained wp-container-core-group-is-layout-48e338ea wp-block-group-is-layout-constrained" style="border-radius:30px;background-color:#fffaf4;margin-bottom:32px;padding:20px 20px 34px"><figure class="wp-block-image size-large has-custom-border"><img decoding="async" src="https://www.allys-kleine-farm.de/inhalte/media/images/uebersicht4-large.jpg" alt="Allys kleine Farm" style="border-radius:22px"/></figure><p class="has-text-color wp-block-paragraph" style="color:#8e1d39;font-size:14px;font-weight:700;letter-spacing:1px">29. AUGUST 2025 · FERNSEHBESUCH</p><h2 class="wp-block-heading has-text-color" style="color:#641428"><a href="/?p=49">Ally und Alexander zu Gast bei Trude Kuh</a></h2><p class="wp-block-paragraph">Ein persönlicher Studiobesuch und viele Geschichten über das Leben auf dem Gnadenhof.</p><p class="wp-block-paragraph"><a href="/?p=49"><strong>Die ganze Geschichte lesen →</strong></a></p></div>
<div class="wp-block-group has-background has-global-padding is-layout-constrained wp-container-core-group-is-layout-7c9e2db7 wp-block-group-is-layout-constrained" style="border-radius:30px;background-color:#f0d9d4;margin-bottom:32px;padding:34px"><p class="has-text-color wp-block-paragraph" style="color:#8e1d39;font-size:14px;font-weight:700;letter-spacing:1px">2021 · GEMEINSAM FÜR TIERE</p><h2 class="wp-block-heading has-text-color" style="color:#641428"><a href="/?p=43">Starke Partnerschaft für Tiere in Not</a></h2><p class="wp-block-paragraph">Wie aus Zusammenarbeit sichere Lebensplätze für Pferde, Ponys und andere Schützlinge entstehen.</p><p class="wp-block-paragraph"><a href="/?p=43"><strong>Die ganze Geschichte lesen →</strong></a></p></div>
<div class="wp-block-group has-background has-global-padding is-layout-constrained wp-container-core-group-is-layout-dc9fe783 wp-block-group-is-layout-constrained" style="border-radius:30px;background-color:#fffaf4;padding:20px 20px 34px"><figure class="wp-block-image size-large has-custom-border"><img decoding="async" src="https://www.allys-kleine-farm.de/inhalte/media/images/20190720_101546-1-large.jpg" alt="Hunde auf Allys kleiner Farm" style="border-radius:22px"/></figure><p class="has-text-color wp-block-paragraph" style="color:#8e1d39;font-size:14px;font-weight:700;letter-spacing:1px">2020 · FERNSEHEN</p><h2 class="wp-block-heading has-text-color" style="color:#641428"><a href="/?p=39">Ponsel findet ein Zuhause</a></h2><p class="wp-block-paragraph">VOX begleitet Ponsels Weg – bis er auf Allys kleiner Farm seinen Platz fürs Leben findet.</p><p class="wp-block-paragraph"><a href="/?p=39"><strong>Die ganze Geschichte lesen →</strong></a></p></div></div>
<div class="wp-block-column is-layout-flow wp-block-column-is-layout-flow"><div class="wp-block-group has-base-color has-text-color has-background has-global-padding is-layout-constrained wp-container-core-group-is-layout-06089669 wp-block-group-is-layout-constrained" style="border-radius:30px;background-color:#641428;margin-top:54px;margin-bottom:32px;padding:38px"><p class="wp-block-paragraph" style="font-size:14px;font-weight:700;letter-spacing:1px">28. MÄRZ BIS 26. JUNI 2025</p><h2 class="wp-block-heading"><a href="/?p=47">Eine Pferdewaage wird Wirklichkeit</a></h2><p class="wp-block-paragraph">76 Menschen legten zusammen und machten aus einem Wunsch ein echtes Herzensprojekt.</p><p class="wp-block-paragraph"><a href="/?p=47"><strong>2.104 Euro Hoffnung – weiterlesen →</strong></a></p></div>
<div class="wp-block-group has-background has-global-padding is-layout-constrained wp-container-core-group-is-layout-48e338ea wp-block-group-is-layout-constrained" style="border-radius:30px;background-color:#fffaf4;margin-bottom:32px;padding:20px 20px 34px"><figure class="wp-block-image size-large has-custom-border"><img decoding="async" src="https://www.allys-kleine-farm.de/inhalte/media/images/walter-large.jpg" alt="Schaf Walter" style="border-radius:22px"/></figure><p class="has-text-color wp-block-paragraph" style="color:#8e1d39;font-size:14px;font-weight:700;letter-spacing:1px">11. DEZEMBER 2020 · PRESSE</p><h2 class="wp-block-heading has-text-color" style="color:#641428"><a href="/?p=41">Ein turbulentes Jahr – und ein Wunschbaum</a></h2><p class="wp-block-paragraph">Der Petershäger Anzeiger erzählt von einem bewegten Jahr und Hilfe für die Tiere.</p><p class="wp-block-paragraph"><a href="/?p=41"><strong>Die ganze Geschichte lesen →</strong></a></p></div>
<div class="wp-block-group has-background has-global-padding is-layout-constrained wp-container-core-group-is-layout-fd52bed2 wp-block-group-is-layout-constrained" style="border-radius:30px;background-color:#edd1dc;padding:34px"><p class="has-text-color wp-block-paragraph" style="color:#8e1d39;font-size:14px;font-weight:700;letter-spacing:1px">AUS DEM RADIO · DATUM NICHT GENANNT</p><h2 class="wp-block-heading has-text-color" style="color:#641428"><a href="/?p=45">Meer Radio besucht die kleine Farm</a></h2><p class="wp-block-paragraph">Ein Audiobeitrag über den Hof, seine Tiere und die Menschen, die jeden Tag für sie da sind.</p><p class="wp-block-paragraph"><a href="/?p=45"><strong>Zum Radiobeitrag →</strong></a></p></div></div></div><div class="wp-block-group has-background is-content-justification-center is-layout-flex wp-container-core-group-is-layout-13172646 wp-block-group-is-layout-flex" style="border-radius:999px;background-color:#fffaf4;margin-top:58px;padding:22px 34px"><p class="has-text-align-center has-text-color wp-block-paragraph" style="color:#641428;font-size:clamp(14px, 0.875rem + ((1vw - 3.2px) * 0.392), 18px);">♥ Jede Geschichte beginnt mit einem Tier, das bleiben darf.</p></div></div>

<p>29. AUGUST 2025 · FERNSEHBESUCH Ally und Alexander zu Gast bei Trude Kuh Ein persönlicher Studiobesuch und viele Geschichten über das Leben auf dem Gnadenhof. Die ganze Geschichte lesen → 2021 · GEMEINSAM FÜR TIERE Starke Partnerschaft für Tiere in Not Wie aus Zusammenarbeit sichere Lebensplätze für Pferde, Ponys und andere Schützlinge entstehen. Die ganze [&hellip;]</p>
