{"id":23,"date":"2026-09-04T18:27:37","date_gmt":"2026-09-04T18:27:37","guid":{"rendered":"https:\/\/kleinefarm.it-baumbach.de\/?page_id=23"},"modified":"2026-09-04T18:37:20","modified_gmt":"2026-09-04T18:37:20","slug":"besuch-kontakt","status":"publish","type":"page","link":"https:\/\/kleinefarm.it-baumbach.de\/?page_id=23","title":{"rendered":"Besuch &#038; Kontakt"},"content":{"rendered":"<div class=\"wp-block-group alignfull has-text-color has-background has-global-padding is-layout-constrained wp-container-core-group-is-layout-45569184 wp-block-group-is-layout-constrained\" style=\"color:#641428;background-color:#f4e6ea;padding:58px 28px 48px\"><h1 class=\"wp-block-heading\">Besuch &amp; Kontakt<\/h1><p class=\"wp-block-paragraph\" style=\"font-size:clamp(14px, 0.875rem + ((1vw - 3.2px) * 0.588), 20px);\">Lernen Sie den Gnadenhof kennen oder sprechen Sie ein besonderes Anliegen pers\u00f6nlich mit uns ab.<\/p><\/div><div class=\"wp-block-group alignwide has-global-padding is-layout-constrained wp-block-group-is-layout-constrained\" style=\"padding-top:48px;padding-bottom:48px\"><div class=\"wp-block-columns is-layout-flex wp-container-core-columns-is-layout-794e3cfa wp-block-columns-is-layout-flex\"><div class=\"wp-block-column is-layout-flow wp-block-column-is-layout-flow\"><h2 class=\"wp-block-heading\">Tag der offenen T\u00fcr<\/h2><ul class=\"wp-block-list\"><li>Sonntag, 26. April 2026 \u00b7 14\u201317 Uhr<\/li><li>Sonntag, 30. August 2026 \u00b7 14\u201317 Uhr<\/li><\/ul><p class=\"wp-block-paragraph\">Bei leckerem Kuchen, Kaffee und Kaltgetr\u00e4nken kann entspannt geplaudert und alles angesehen werden. F\u00fcr einen Besuch au\u00dferhalb dieser Termine oder als Gruppe melden Sie sich bitte vorher telefonisch.<\/p><\/div><div class=\"wp-block-column has-background is-layout-flow wp-block-column-is-layout-flow\" style=\"border-radius:20px;background-color:#f7f7f7;padding:30px\"><h2 class=\"wp-block-heading\">So erreichen Sie uns<\/h2><p class=\"wp-block-paragraph\"><strong>Gnadenhof Allys kleine Farm e. V.<\/strong><br>Brokenkamp 2<br>32469 Petershagen-Ilvese<\/p><p class=\"wp-block-paragraph\">Telefon: <a href=\"tel:+491729065378\">0172 9065378<\/a><br>E-Mail: <a href=\"mailto:verein@allys-kleine-farm.de\">verein@allys-kleine-farm.de<\/a><\/p><p class=\"wp-block-paragraph\">Facebook: Gnadenhof Allys kleine Farm e. V.<\/p><\/div><\/div><\/div>","protected":false},"excerpt":{"rendered":"<p>Besuch &amp; Kontakt Lernen Sie den Gnadenhof kennen oder sprechen Sie ein besonderes Anliegen pers\u00f6nlich mit uns ab. Tag der offenen T\u00fcr Bei leckerem Kuchen, Kaffee und Kaltgetr\u00e4nken kann entspannt geplaudert und alles angesehen werden. F\u00fcr einen Besuch au\u00dferhalb dieser Termine oder als Gruppe melden Sie sich bitte vorher telefonisch. So erreichen Sie uns Gnadenhof [&hellip;]<\/p>\n","protected":false},"author":1,"featured_media":0,"parent":0,"menu_order":0,"comment_status":"closed","ping_status":"closed","template":"","meta":{"footnotes":""},"class_list":["post-23","page","type-page","status-publish","hentry"],"_links":{"self":[{"href":"https:\/\/kleinefarm.it-baumbach.de\/index.php?rest_route=\/wp\/v2\/pages\/23","targetHints":{"allow":["GET"]}}],"collection":[{"href":"https:\/\/kleinefarm.it-baumbach.de\/index.php?rest_route=\/wp\/v2\/pages"}],"about":[{"href":"https:\/\/kleinefarm.it-baumbach.de\/index.php?rest_route=\/wp\/v2\/types\/page"}],"author":[{"embeddable":true,"href":"https:\/\/kleinefarm.it-baumbach.de\/index.php?rest_route=\/wp\/v2\/users\/1"}],"replies":[{"embeddable":true,"href":"https:\/\/kleinefarm.it-baumbach.de\/index.php?rest_route=%2Fwp%2Fv2%2Fcomments&post=23"}],"version-history":[{"count":2,"href":"https:\/\/kleinefarm.it-baumbach.de\/index.php?rest_route=\/wp\/v2\/pages\/23\/revisions"}],"predecessor-version":[{"id":37,"href":"https:\/\/kleinefarm.it-baumbach.de\/index.php?rest_route=\/wp\/v2\/pages\/23\/revisions\/37"}],"wp:attachment":[{"href":"https:\/\/kleinefarm.it-baumbach.de\/index.php?rest_route=%2Fwp%2Fv2%2Fmedia&parent=23"}],"curies":[{"name":"wp","href":"https:\/\/api.w.org\/{rel}","templated":true}]}}

<div class="wp-block-group alignfull has-text-color has-background has-global-padding is-layout-constrained wp-container-core-group-is-layout-45569184 wp-block-group-is-layout-constrained" style="color:#641428;background-color:#f4e6ea;padding:58px 28px 48px"><h1 class="wp-block-heading">Besuch &amp; Kontakt</h1><p class="wp-block-paragraph" style="font-size:clamp(14px, 0.875rem + ((1vw - 3.2px) * 0.588), 20px);">Lernen Sie den Gnadenhof kennen oder sprechen Sie ein besonderes Anliegen persönlich mit uns ab.</p></div><div class="wp-block-group alignwide has-global-padding is-layout-constrained wp-block-group-is-layout-constrained" style="padding-top:48px;padding-bottom:48px"><div class="wp-block-columns is-layout-flex wp-container-core-columns-is-layout-794e3cfa wp-block-columns-is-layout-flex"><div class="wp-block-column is-layout-flow wp-block-column-is-layout-flow"><h2 class="wp-block-heading">Tag der offenen Tür</h2><ul class="wp-block-list"><li>Sonntag, 26. April 2026 · 14–17 Uhr</li><li>Sonntag, 30. August 2026 · 14–17 Uhr</li></ul><p class="wp-block-paragraph">Bei leckerem Kuchen, Kaffee und Kaltgetränken kann entspannt geplaudert und alles angesehen werden. Für einen Besuch außerhalb dieser Termine oder als Gruppe melden Sie sich bitte vorher telefonisch.</p></div><div class="wp-block-column has-background is-layout-flow wp-block-column-is-layout-flow" style="border-radius:20px;background-color:#f7f7f7;padding:30px"><h2 class="wp-block-heading">So erreichen Sie uns</h2><p class="wp-block-paragraph"><strong>Gnadenhof Allys kleine Farm e. V.</strong><br>Brokenkamp 2<br>32469 Petershagen-Ilvese</p><p class="wp-block-paragraph">Telefon: <a href="tel:+491729065378">0172 9065378</a><br>E-Mail: <a href="mailto:verein@allys-kleine-farm.de">verein@allys-kleine-farm.de</a></p><p class="wp-block-paragraph">Facebook: Gnadenhof Allys kleine Farm e. V.</p></div></div></div>

<p>Besuch &amp; Kontakt Lernen Sie den Gnadenhof kennen oder sprechen Sie ein besonderes Anliegen persönlich mit uns ab. Tag der offenen Tür Bei leckerem Kuchen, Kaffee und Kaltgetränken kann entspannt geplaudert und alles angesehen werden. Für einen Besuch außerhalb dieser Termine oder als Gruppe melden Sie sich bitte vorher telefonisch. So erreichen Sie uns Gnadenhof [&hellip;]</p>
