{"id":11,"date":"2026-09-04T18:27:37","date_gmt":"2026-09-04T18:27:37","guid":{"rendered":"https:\/\/kleinefarm.it-baumbach.de\/?page_id=11"},"modified":"2026-09-04T18:36:33","modified_gmt":"2026-09-04T18:36:33","slug":"unsere-tiere","status":"publish","type":"page","link":"https:\/\/kleinefarm.it-baumbach.de\/?page_id=11","title":{"rendered":"Unsere Tiere"},"content":{"rendered":"<div class=\"wp-block-group alignfull has-text-color has-background has-global-padding is-layout-constrained wp-container-core-group-is-layout-45569184 wp-block-group-is-layout-constrained\" style=\"color:#641428;background-color:#f4e6ea;padding:58px 28px 48px\"><h1 class=\"wp-block-heading\">Unsere Tiere<\/h1><p class=\"wp-block-paragraph\" style=\"font-size:clamp(14px, 0.875rem + ((1vw - 3.2px) * 0.588), 20px);\">Viele besondere Seelen haben auf Allys kleiner Farm ein Zuhause mit Herz, F\u00fcrsorge und Familienanschluss gefunden.<\/p><\/div><div class=\"wp-block-group alignwide has-global-padding is-layout-constrained wp-block-group-is-layout-constrained\" style=\"padding-top:48px;padding-bottom:48px\"><div class=\"wp-block-columns are-vertically-aligned-center is-layout-flex wp-container-core-columns-is-layout-794e3cfa wp-block-columns-is-layout-flex\"><div class=\"wp-block-column is-layout-flow wp-block-column-is-layout-flow\"><figure class=\"wp-block-image size-large\"><img decoding=\"async\" src=\"https:\/\/www.allys-kleine-farm.de\/inhalte\/media\/images\/img_4393-large.jpg\" alt=\"Ponys auf Allys kleiner Farm\" style=\"border-radius:20px\"\/><\/figure><\/div><div class=\"wp-block-column is-layout-flow wp-block-column-is-layout-flow\"><h2 class=\"wp-block-heading\">Pferde &amp; Ponys<\/h2><p class=\"wp-block-paragraph\">Acht Pferde und Ponys haben nach Angaben der bisherigen Website ein Zuhause auf dem Hof gefunden. Viele leiden unter chronischen Krankheiten und brauchen individuelle Betreuung. Sie leben in reiner Offenstallhaltung auf drainierten Paddocks mit dauerhaftem Heuzugang.<\/p><\/div><\/div><div class=\"wp-block-columns are-vertically-aligned-center is-layout-flex wp-container-core-columns-is-layout-794e3cfa wp-block-columns-is-layout-flex\"><div class=\"wp-block-column is-layout-flow wp-block-column-is-layout-flow\"><h2 class=\"wp-block-heading\">Schafe<\/h2><p class=\"wp-block-paragraph\">Zur Schafgruppe geh\u00f6ren kastrierte Ouessantb\u00f6ckchen und ein Walliser Schwarznasenschaf. Mehrere Tiere kamen stark vernachl\u00e4ssigt an und wurden m\u00fchevoll aufgep\u00e4ppelt.<\/p><\/div><div class=\"wp-block-column is-layout-flow wp-block-column-is-layout-flow\"><figure class=\"wp-block-image size-large\"><img decoding=\"async\" src=\"https:\/\/www.allys-kleine-farm.de\/inhalte\/media\/images\/walter-large.jpg\" alt=\"Schaf Walter\" style=\"border-radius:20px\"\/><\/figure><\/div><\/div><div class=\"wp-block-columns are-vertically-aligned-center is-layout-flex wp-container-core-columns-is-layout-794e3cfa wp-block-columns-is-layout-flex\"><div class=\"wp-block-column is-layout-flow wp-block-column-is-layout-flow\"><figure class=\"wp-block-image size-large\"><img decoding=\"async\" src=\"https:\/\/www.allys-kleine-farm.de\/inhalte\/media\/images\/vaiana-large.jpg\" alt=\"Katze Vaiana\" style=\"border-radius:20px\"\/><\/figure><\/div><div class=\"wp-block-column is-layout-flow wp-block-column-is-layout-flow\"><h2 class=\"wp-block-heading\">Katzen<\/h2><p class=\"wp-block-paragraph\">Die Katzen leben komplett familienangebunden: im Haus, auf der gesicherten Terrasse, im Bett oder auf dem Sofa \u2013 so, wie es Herr oder Frau Katze gef\u00e4llt. Alle sind kastriert, gechippt und werden regelm\u00e4\u00dfig tier\u00e4rztlich versorgt.<\/p><\/div><\/div><div class=\"wp-block-columns are-vertically-aligned-center is-layout-flex wp-container-core-columns-is-layout-794e3cfa wp-block-columns-is-layout-flex\"><div class=\"wp-block-column is-layout-flow wp-block-column-is-layout-flow\"><h2 class=\"wp-block-heading\">Hunde<\/h2><p class=\"wp-block-paragraph\">Die Hunde leben als Rudel. Medo, Lucky, Kaya, Molly und Morty brachten ganz unterschiedliche, teils schwere Geschichten mit. Hier finden sie einen gesch\u00fctzten Hof, ein warmes Hundezimmer und vor allem ein Zuhause.<\/p><\/div><div class=\"wp-block-column is-layout-flow wp-block-column-is-layout-flow\"><figure class=\"wp-block-image size-large\"><img decoding=\"async\" src=\"https:\/\/www.allys-kleine-farm.de\/inhalte\/media\/images\/20190720_101546-1-large.jpg\" alt=\"Hunde auf Allys kleiner Farm\" style=\"border-radius:20px\"\/><\/figure><\/div><\/div><div class=\"wp-block-columns are-vertically-aligned-center is-layout-flex wp-container-core-columns-is-layout-794e3cfa wp-block-columns-is-layout-flex\"><div class=\"wp-block-column is-layout-flow wp-block-column-is-layout-flow\"><figure class=\"wp-block-image size-large\"><img decoding=\"async\" src=\"https:\/\/www.allys-kleine-farm.de\/inhalte\/media\/images\/20180927_175131-large.jpg\" alt=\"Tauben in der Voliere\" style=\"border-radius:20px\"\/><\/figure><\/div><div class=\"wp-block-column is-layout-flow wp-block-column-is-layout-flow\"><h2 class=\"wp-block-heading\">Tauben<\/h2><p class=\"wp-block-paragraph\">Viele Tauben stammen aus St\u00e4dten und kamen mit Fl\u00fcgel- oder Beinbr\u00fcchen, Amputationen und Sehbehinderungen. In der rund gebauten, etwa 200 Quadratmeter gro\u00dfen Voliere finden sie ein Heim fern von Hunger und Sorgen.<\/p><\/div><\/div><div class=\"wp-block-columns are-vertically-aligned-center is-layout-flex wp-container-core-columns-is-layout-794e3cfa wp-block-columns-is-layout-flex\"><div class=\"wp-block-column is-layout-flow wp-block-column-is-layout-flow\"><h2 class=\"wp-block-heading\">Enten, G\u00e4nse &amp; H\u00fchner<\/h2><p class=\"wp-block-paragraph\">Im Gefl\u00fcgelparadies lebt ein bunt zusammengew\u00fcrfelter Haufen aus Enten, G\u00e4nsen, H\u00fchnern und H\u00e4hnen \u2013 unter der wachsamen Kontrolle eines Schwanenpaars. Gro\u00dfz\u00fcgiger Freilauf und liebevoll zubereitetes Obst und Gem\u00fcse geh\u00f6ren dazu.<\/p><\/div><div class=\"wp-block-column is-layout-flow wp-block-column-is-layout-flow\"><figure class=\"wp-block-image size-large\"><img decoding=\"async\" src=\"https:\/\/www.allys-kleine-farm.de\/inhalte\/media\/images\/dsc04041-large.jpg\" alt=\"Gefl\u00fcgel auf Allys kleiner Farm\" style=\"border-radius:20px\"\/><\/figure><\/div><\/div><\/div>","protected":false},"excerpt":{"rendered":"<p>Unsere Tiere Viele besondere Seelen haben auf Allys kleiner Farm ein Zuhause mit Herz, F\u00fcrsorge und Familienanschluss gefunden. Pferde &amp; Ponys Acht Pferde und Ponys haben nach Angaben der bisherigen Website ein Zuhause auf dem Hof gefunden. Viele leiden unter chronischen Krankheiten und brauchen individuelle Betreuung. Sie leben in reiner Offenstallhaltung auf drainierten Paddocks mit [&hellip;]<\/p>\n","protected":false},"author":1,"featured_media":0,"parent":0,"menu_order":0,"comment_status":"closed","ping_status":"closed","template":"","meta":{"footnotes":""},"class_list":["post-11","page","type-page","status-publish","hentry"],"_links":{"self":[{"href":"https:\/\/kleinefarm.it-baumbach.de\/index.php?rest_route=\/wp\/v2\/pages\/11","targetHints":{"allow":["GET"]}}],"collection":[{"href":"https:\/\/kleinefarm.it-baumbach.de\/index.php?rest_route=\/wp\/v2\/pages"}],"about":[{"href":"https:\/\/kleinefarm.it-baumbach.de\/index.php?rest_route=\/wp\/v2\/types\/page"}],"author":[{"embeddable":true,"href":"https:\/\/kleinefarm.it-baumbach.de\/index.php?rest_route=\/wp\/v2\/users\/1"}],"replies":[{"embeddable":true,"href":"https:\/\/kleinefarm.it-baumbach.de\/index.php?rest_route=%2Fwp%2Fv2%2Fcomments&post=11"}],"version-history":[{"count":2,"href":"https:\/\/kleinefarm.it-baumbach.de\/index.php?rest_route=\/wp\/v2\/pages\/11\/revisions"}],"predecessor-version":[{"id":35,"href":"https:\/\/kleinefarm.it-baumbach.de\/index.php?rest_route=\/wp\/v2\/pages\/11\/revisions\/35"}],"wp:attachment":[{"href":"https:\/\/kleinefarm.it-baumbach.de\/index.php?rest_route=%2Fwp%2Fv2%2Fmedia&parent=11"}],"curies":[{"name":"wp","href":"https:\/\/api.w.org\/{rel}","templated":true}]}}

<div class="wp-block-group alignfull has-text-color has-background has-global-padding is-layout-constrained wp-container-core-group-is-layout-45569184 wp-block-group-is-layout-constrained" style="color:#641428;background-color:#f4e6ea;padding:58px 28px 48px"><h1 class="wp-block-heading">Unsere Tiere</h1><p class="wp-block-paragraph" style="font-size:clamp(14px, 0.875rem + ((1vw - 3.2px) * 0.588), 20px);">Viele besondere Seelen haben auf Allys kleiner Farm ein Zuhause mit Herz, Fürsorge und Familienanschluss gefunden.</p></div><div class="wp-block-group alignwide has-global-padding is-layout-constrained wp-block-group-is-layout-constrained" style="padding-top:48px;padding-bottom:48px"><div class="wp-block-columns are-vertically-aligned-center is-layout-flex wp-container-core-columns-is-layout-794e3cfa wp-block-columns-is-layout-flex"><div class="wp-block-column is-layout-flow wp-block-column-is-layout-flow"><figure class="wp-block-image size-large"><img decoding="async" src="https://www.allys-kleine-farm.de/inhalte/media/images/img_4393-large.jpg" alt="Ponys auf Allys kleiner Farm" style="border-radius:20px"/></figure></div><div class="wp-block-column is-layout-flow wp-block-column-is-layout-flow"><h2 class="wp-block-heading">Pferde &amp; Ponys</h2><p class="wp-block-paragraph">Acht Pferde und Ponys haben nach Angaben der bisherigen Website ein Zuhause auf dem Hof gefunden. Viele leiden unter chronischen Krankheiten und brauchen individuelle Betreuung. Sie leben in reiner Offenstallhaltung auf drainierten Paddocks mit dauerhaftem Heuzugang.</p></div></div><div class="wp-block-columns are-vertically-aligned-center is-layout-flex wp-container-core-columns-is-layout-794e3cfa wp-block-columns-is-layout-flex"><div class="wp-block-column is-layout-flow wp-block-column-is-layout-flow"><h2 class="wp-block-heading">Schafe</h2><p class="wp-block-paragraph">Zur Schafgruppe gehören kastrierte Ouessantböckchen und ein Walliser Schwarznasenschaf. Mehrere Tiere kamen stark vernachlässigt an und wurden mühevoll aufgepäppelt.</p></div><div class="wp-block-column is-layout-flow wp-block-column-is-layout-flow"><figure class="wp-block-image size-large"><img decoding="async" src="https://www.allys-kleine-farm.de/inhalte/media/images/walter-large.jpg" alt="Schaf Walter" style="border-radius:20px"/></figure></div></div><div class="wp-block-columns are-vertically-aligned-center is-layout-flex wp-container-core-columns-is-layout-794e3cfa wp-block-columns-is-layout-flex"><div class="wp-block-column is-layout-flow wp-block-column-is-layout-flow"><figure class="wp-block-image size-large"><img decoding="async" src="https://www.allys-kleine-farm.de/inhalte/media/images/vaiana-large.jpg" alt="Katze Vaiana" style="border-radius:20px"/></figure></div><div class="wp-block-column is-layout-flow wp-block-column-is-layout-flow"><h2 class="wp-block-heading">Katzen</h2><p class="wp-block-paragraph">Die Katzen leben komplett familienangebunden: im Haus, auf der gesicherten Terrasse, im Bett oder auf dem Sofa – so, wie es Herr oder Frau Katze gefällt. Alle sind kastriert, gechippt und werden regelmäßig tierärztlich versorgt.</p></div></div><div class="wp-block-columns are-vertically-aligned-center is-layout-flex wp-container-core-columns-is-layout-794e3cfa wp-block-columns-is-layout-flex"><div class="wp-block-column is-layout-flow wp-block-column-is-layout-flow"><h2 class="wp-block-heading">Hunde</h2><p class="wp-block-paragraph">Die Hunde leben als Rudel. Medo, Lucky, Kaya, Molly und Morty brachten ganz unterschiedliche, teils schwere Geschichten mit. Hier finden sie einen geschützten Hof, ein warmes Hundezimmer und vor allem ein Zuhause.</p></div><div class="wp-block-column is-layout-flow wp-block-column-is-layout-flow"><figure class="wp-block-image size-large"><img decoding="async" src="https://www.allys-kleine-farm.de/inhalte/media/images/20190720_101546-1-large.jpg" alt="Hunde auf Allys kleiner Farm" style="border-radius:20px"/></figure></div></div><div class="wp-block-columns are-vertically-aligned-center is-layout-flex wp-container-core-columns-is-layout-794e3cfa wp-block-columns-is-layout-flex"><div class="wp-block-column is-layout-flow wp-block-column-is-layout-flow"><figure class="wp-block-image size-large"><img decoding="async" src="https://www.allys-kleine-farm.de/inhalte/media/images/20180927_175131-large.jpg" alt="Tauben in der Voliere" style="border-radius:20px"/></figure></div><div class="wp-block-column is-layout-flow wp-block-column-is-layout-flow"><h2 class="wp-block-heading">Tauben</h2><p class="wp-block-paragraph">Viele Tauben stammen aus Städten und kamen mit Flügel- oder Beinbrüchen, Amputationen und Sehbehinderungen. In der rund gebauten, etwa 200 Quadratmeter großen Voliere finden sie ein Heim fern von Hunger und Sorgen.</p></div></div><div class="wp-block-columns are-vertically-aligned-center is-layout-flex wp-container-core-columns-is-layout-794e3cfa wp-block-columns-is-layout-flex"><div class="wp-block-column is-layout-flow wp-block-column-is-layout-flow"><h2 class="wp-block-heading">Enten, Gänse &amp; Hühner</h2><p class="wp-block-paragraph">Im Geflügelparadies lebt ein bunt zusammengewürfelter Haufen aus Enten, Gänsen, Hühnern und Hähnen – unter der wachsamen Kontrolle eines Schwanenpaars. Großzügiger Freilauf und liebevoll zubereitetes Obst und Gemüse gehören dazu.</p></div><div class="wp-block-column is-layout-flow wp-block-column-is-layout-flow"><figure class="wp-block-image size-large"><img decoding="async" src="https://www.allys-kleine-farm.de/inhalte/media/images/dsc04041-large.jpg" alt="Geflügel auf Allys kleiner Farm" style="border-radius:20px"/></figure></div></div></div>

<p>Unsere Tiere Viele besondere Seelen haben auf Allys kleiner Farm ein Zuhause mit Herz, Fürsorge und Familienanschluss gefunden. Pferde &amp; Ponys Acht Pferde und Ponys haben nach Angaben der bisherigen Website ein Zuhause auf dem Hof gefunden. Viele leiden unter chronischen Krankheiten und brauchen individuelle Betreuung. Sie leben in reiner Offenstallhaltung auf drainierten Paddocks mit [&hellip;]</p>
